{"id":24,"date":"2016-12-28T19:48:37","date_gmt":"2016-12-28T19:48:37","guid":{"rendered":"http:\/\/wp12226213.server-he.ch\/wp\/?page_id=24"},"modified":"2023-11-18T20:19:45","modified_gmt":"2023-11-18T19:19:45","slug":"team","status":"publish","type":"page","link":"http:\/\/jugendtreffmetro.ch\/?page_id=24","title":{"rendered":"Team"},"content":{"rendered":"<p>Gerne stellen wir Ihnen unser Team kurz vor:<\/p>\n<p><strong>Andreas Petro &#8211; Treffleiter\/Teamleiter<\/strong><br \/>\nMein Name ist Andi Petro (auch Pedro genannt). Als gelernter Lebensmitteltechnologe bin ich \u00fcber Umwege zur Jugendarbeit gekommen, wo ich nun schon seit \u00fcber 20 Jahren mit Freude und Leidenschaft f\u00fcr die Kinder und Jugendlichen dabei bin. Gleichzeitig arbeite ich als Schulsozialarbeiter in einer Primar und Sekundarschule im Thurgau.<\/p>\n<p>Seit nun \u00fcber 20 Jahren leite ich die offene &#8211; und seit 10 Jahren die mobile Jugendarbeit der Gemeinde Wiesendangen. Die Anliegen und Bed\u00fcrfnisse der Jugend sind mir ein grosses Anliegen. Ich verstehe mich auch als Vermittler der Generationen unseres Dorfes.<\/p>\n<p>&#8211; Jugendcoach Sekundarschule Rychenberg<br \/>\n&#8211; Mitarbeiter eines Jugendwohnheims<br \/>\n&#8211; Gr\u00fcnder des landesweit bekannten Konzert &#8211; und Partyhauses \u00abSalzhaus\u00bb<br \/>\n&#8211; Mitinitiator der Jugendsendung \u00abTinitus\u00bb<br \/>\n&#8211; Fussballmoderator auf Radio Stadtfilter<br \/>\n&#8211; Schulassistenz Primarschule Kt.Thurgau<\/p>\n<p>Schulsozialarbeit SSG H\u00fcttwilen TG<\/p>\n<p>CAS Schulsozialarbeit ZHAW<\/p>\n<hr \/>\n<p><strong>Stephanie Zehnder &#8211; Treffleiterin<\/strong><\/p>\n<p>Mein Name ist Stephanie Zehnder. Als gelernte Pflegefachfrau DN2(Dipl. Pflegefachfrau HF) habe ich nach der Ausbildung in einer geschlossenen Abteilung f\u00fcr an Alzheimer erkrankte Menschen gearbeitet, w\u00e4hrend dieser Zeit machte ich meine Ausbildung als Kaderfrau f\u00fcr die stellvertretende Abteilungsleiterin. Nach einer einj\u00e4hrigen spannenden Reise durch S\u00fcdamerika wollte ich in die Privatpflege. Ich fand in der Anstellung bei Nina Dorizzi eine spannende Arbeit die mich aber nicht ganz ausf\u00fcllte.<\/p>\n<p>Danach kam ich das erste Mal mit der Jugendarbeit in Kontakt, in der Anstellung im Kollektiv vom Rest. Widder in Winterthur. Ich arbeitete zuerst im Service am Tag dann in der Nacht, machte einen Teil der Buchhaltung, organisierte Konzerte (4 jahre lang), Lesungen mit Abendessen, wurde dann Pr\u00e4sidentin des Kollektivs, was mir Kontakte mit den \u00f6rtlichen Beh\u00f6rden, Nachbarn u.s.w.brachte, konnte dann auch gr\u00f6ssere Events mitorganisieren (bis zu 500 Personen), hatte mit Jugendlichen im Ausgang zu tun, kochte auch Mittagsmenu und Abendessen a la Carte oder auch f\u00fcr Gesellschaften. Diese Zeit war sehr spannend und lehrreich f\u00fcr mich. Wintinightlife pur mit allen Facetten.<\/p>\n<p>Da ich mich nach 10 Jahren, nach einer neuen Herausforderung sehnte, beschlossen mein Mann und ich das Lehrlingsheim Jugendwohnen zu \u00fcbernehmen. Es wohnten 17 Jugendliche bei uns im Haus und machten ausserhalb ihre Ausbildung oder studierten. Wir arbeiteten als Selbst\u00e4ndige und es war eine turbulente Zeit. Wir waren Hausmutter und Hausvater, Heimleiter, K\u00f6che, Reinigungspersonal, Seelsorger, Betreuer, alles in einem. Wir liebten diese Arbeit, aber wir fanden auch unsere Grenzen. Unser gr\u00f6sster Wunsch nach einer eigenen Familie erf\u00fcllte sich in den Jahren 2011 und 2012. Samira und Nahuel waren jetzt auch dabei.<\/p>\n<p>Auf Grund der gr\u00f6sseren Familie entschieden wir uns,nach 6 Jahren, das Jugendwohnen aufzugeben. Ich entschied mich, mehr Zeit in die\u00a0 Familie zu investieren und zu geniessen und fing in Wiesendangen 20 % als Jugendarbeiterin an, mittlerweile sind es 40 %.<\/p>\n<p>Nun arbeite ich seit 10 Jahren im Jugendtreff Metro als Treffleiterin. In der Jugendarbeit f\u00fchle ich mich zu Hause.<\/p>\n<hr \/>\n<p><strong>\u00a0\u00a0\u00a0\u00a0\u00a0\u00a0\u00a0\u00a0\u00a0\u00a0\u00a0\u00a0\u00a0\u00a0\u00a0\u00a0\u00a0\u00a0\u00a0\u00a0\u00a0\u00a0\u00a0\u00a0\u00a0\u00a0\u00a0\u00a0\u00a0\u00a0\u00a0\u00a0\u00a0\u00a0\u00a0\u00a0\u00a0\u00a0\u00a0\u00a0\u00a0\u00a0\u00a0\u00a0\u00a0\u00a0\u00a0\u00a0\u00a0\u00a0\u00a0\u00a0\u00a0\u00a0\u00a0 Treffleitung<\/strong><\/p>\n<p><a href=\"http:\/\/jugendtreffmetro.ch\/wp-content\/uploads\/2016\/12\/Team_Treffleitung.jpg\"><img loading=\"lazy\" class=\"aligncenter size-medium wp-image-25\" src=\"http:\/\/jugendtreffmetro.ch\/wp-content\/uploads\/2016\/12\/Team_Treffleitung-300x240.jpg\" alt=\"\" width=\"300\" height=\"240\" srcset=\"http:\/\/jugendtreffmetro.ch\/wp-content\/uploads\/2016\/12\/Team_Treffleitung-300x240.jpg 300w, http:\/\/jugendtreffmetro.ch\/wp-content\/uploads\/2016\/12\/Team_Treffleitung-768x613.jpg 768w, http:\/\/jugendtreffmetro.ch\/wp-content\/uploads\/2016\/12\/Team_Treffleitung.jpg 804w\" sizes=\"(max-width: 300px) 100vw, 300px\" \/><\/a><\/p>\n","protected":false},"excerpt":{"rendered":"<p>Gerne stellen wir Ihnen unser Team kurz vor: Andreas Petro &#8211; Treffleiter\/Teamleiter Mein Name ist Andi Petro (auch Pedro genannt). Als gelernter Lebensmitteltechnologe bin ich \u00fcber Umwege zur Jugendarbeit gekommen, wo ich nun schon&#46;&#46;&#46;<\/p>\n","protected":false},"author":1,"featured_media":0,"parent":0,"menu_order":0,"comment_status":"closed","ping_status":"closed","template":"","meta":[],"_links":{"self":[{"href":"http:\/\/jugendtreffmetro.ch\/index.php?rest_route=\/wp\/v2\/pages\/24"}],"collection":[{"href":"http:\/\/jugendtreffmetro.ch\/index.php?rest_route=\/wp\/v2\/pages"}],"about":[{"href":"http:\/\/jugendtreffmetro.ch\/index.php?rest_route=\/wp\/v2\/types\/page"}],"author":[{"embeddable":true,"href":"http:\/\/jugendtreffmetro.ch\/index.php?rest_route=\/wp\/v2\/users\/1"}],"replies":[{"embeddable":true,"href":"http:\/\/jugendtreffmetro.ch\/index.php?rest_route=%2Fwp%2Fv2%2Fcomments&post=24"}],"version-history":[{"count":22,"href":"http:\/\/jugendtreffmetro.ch\/index.php?rest_route=\/wp\/v2\/pages\/24\/revisions"}],"predecessor-version":[{"id":929,"href":"http:\/\/jugendtreffmetro.ch\/index.php?rest_route=\/wp\/v2\/pages\/24\/revisions\/929"}],"wp:attachment":[{"href":"http:\/\/jugendtreffmetro.ch\/index.php?rest_route=%2Fwp%2Fv2%2Fmedia&parent=24"}],"curies":[{"name":"wp","href":"https:\/\/api.w.org\/{rel}","templated":true}]}}

<p>Gerne stellen wir Ihnen unser Team kurz vor:</p>
<p><strong>Andreas Petro &#8211; Treffleiter/Teamleiter</strong><br />
Mein Name ist Andi Petro (auch Pedro genannt). Als gelernter Lebensmitteltechnologe bin ich über Umwege zur Jugendarbeit gekommen, wo ich nun schon seit über 20 Jahren mit Freude und Leidenschaft für die Kinder und Jugendlichen dabei bin. Gleichzeitig arbeite ich als Schulsozialarbeiter in einer Primar und Sekundarschule im Thurgau.</p>
<p>Seit nun über 20 Jahren leite ich die offene &#8211; und seit 10 Jahren die mobile Jugendarbeit der Gemeinde Wiesendangen. Die Anliegen und Bedürfnisse der Jugend sind mir ein grosses Anliegen. Ich verstehe mich auch als Vermittler der Generationen unseres Dorfes.</p>
<p>&#8211; Jugendcoach Sekundarschule Rychenberg<br />
&#8211; Mitarbeiter eines Jugendwohnheims<br />
&#8211; Gründer des landesweit bekannten Konzert &#8211; und Partyhauses «Salzhaus»<br />
&#8211; Mitinitiator der Jugendsendung «Tinitus»<br />
&#8211; Fussballmoderator auf Radio Stadtfilter<br />
&#8211; Schulassistenz Primarschule Kt.Thurgau</p>
<p>Schulsozialarbeit SSG Hüttwilen TG</p>
<p>CAS Schulsozialarbeit ZHAW</p>
<hr />
<p><strong>Stephanie Zehnder &#8211; Treffleiterin</strong></p>
<p>Mein Name ist Stephanie Zehnder. Als gelernte Pflegefachfrau DN2(Dipl. Pflegefachfrau HF) habe ich nach der Ausbildung in einer geschlossenen Abteilung für an Alzheimer erkrankte Menschen gearbeitet, während dieser Zeit machte ich meine Ausbildung als Kaderfrau für die stellvertretende Abteilungsleiterin. Nach einer einjährigen spannenden Reise durch Südamerika wollte ich in die Privatpflege. Ich fand in der Anstellung bei Nina Dorizzi eine spannende Arbeit die mich aber nicht ganz ausfüllte.</p>
<p>Danach kam ich das erste Mal mit der Jugendarbeit in Kontakt, in der Anstellung im Kollektiv vom Rest. Widder in Winterthur. Ich arbeitete zuerst im Service am Tag dann in der Nacht, machte einen Teil der Buchhaltung, organisierte Konzerte (4 jahre lang), Lesungen mit Abendessen, wurde dann Präsidentin des Kollektivs, was mir Kontakte mit den örtlichen Behörden, Nachbarn u.s.w.brachte, konnte dann auch grössere Events mitorganisieren (bis zu 500 Personen), hatte mit Jugendlichen im Ausgang zu tun, kochte auch Mittagsmenu und Abendessen a la Carte oder auch für Gesellschaften. Diese Zeit war sehr spannend und lehrreich für mich. Wintinightlife pur mit allen Facetten.</p>
<p>Da ich mich nach 10 Jahren, nach einer neuen Herausforderung sehnte, beschlossen mein Mann und ich das Lehrlingsheim Jugendwohnen zu übernehmen. Es wohnten 17 Jugendliche bei uns im Haus und machten ausserhalb ihre Ausbildung oder studierten. Wir arbeiteten als Selbständige und es war eine turbulente Zeit. Wir waren Hausmutter und Hausvater, Heimleiter, Köche, Reinigungspersonal, Seelsorger, Betreuer, alles in einem. Wir liebten diese Arbeit, aber wir fanden auch unsere Grenzen. Unser grösster Wunsch nach einer eigenen Familie erfüllte sich in den Jahren 2011 und 2012. Samira und Nahuel waren jetzt auch dabei.</p>
<p>Auf Grund der grösseren Familie entschieden wir uns,nach 6 Jahren, das Jugendwohnen aufzugeben. Ich entschied mich, mehr Zeit in die  Familie zu investieren und zu geniessen und fing in Wiesendangen 20 % als Jugendarbeiterin an, mittlerweile sind es 40 %.</p>
<p>Nun arbeite ich seit 10 Jahren im Jugendtreff Metro als Treffleiterin. In der Jugendarbeit fühle ich mich zu Hause.</p>
<hr />
<p><strong>                                                        Treffleitung</strong></p>
<p><a href="http://jugendtreffmetro.ch/wp-content/uploads/2016/12/Team_Treffleitung.jpg"><img loading="lazy" class="aligncenter size-medium wp-image-25" src="http://jugendtreffmetro.ch/wp-content/uploads/2016/12/Team_Treffleitung-300x240.jpg" alt="" width="300" height="240" srcset="http://jugendtreffmetro.ch/wp-content/uploads/2016/12/Team_Treffleitung-300x240.jpg 300w, http://jugendtreffmetro.ch/wp-content/uploads/2016/12/Team_Treffleitung-768x613.jpg 768w, http://jugendtreffmetro.ch/wp-content/uploads/2016/12/Team_Treffleitung.jpg 804w" sizes="(max-width: 300px) 100vw, 300px" /></a></p>

<p>Gerne stellen wir Ihnen unser Team kurz vor: Andreas Petro &#8211; Treffleiter/Teamleiter Mein Name ist Andi Petro (auch Pedro genannt). Als gelernter Lebensmitteltechnologe bin ich über Umwege zur Jugendarbeit gekommen, wo ich nun schon&#46;&#46;&#46;</p>
